inder when 2684 is divided by 128?
124
Calculate the remainder when 1181617 is divided by 55.
52
What is the remainder when 488590 is divided by 48?
46
What is the remainder when 4367 is divided by 4360?
7
What is the remainder when 5139 is divided by 101?
89
What is the remainder when 181290 is divided by 185?
175
What is the remainder when 6756 is divided by 6558?
198
Calculate the remainder when 2382 is divided by 2193.
189
What is the remainder when 5314 is divided by 1060?
14
What is the remainder when 1333186 is divided by 1044?
1042
Calculate the remainder when 9394 is divided by 765.
214
What is the remainder when 20514 is divided by 10251?
12
What is the remainder when 211111 is divided by 134?
61
What is the remainder when 4899 is divided by 326?
9
What is the remainder when 6782 is divided by 560?
62
What is the remainder when 201590 is divided by 132?
26
Calculate the remainder when 26348 is divided by 8758.
74
What is the remainder when 9115 is divided by 651?
1
What is the remainder when 5411 is divided by 22?
21
Calculate the remainder when 2485250 is divided by 16.
2
What is the remainder when 6394 is divided by 180?
94
Calculate the remainder when 10288 is divided by 12.
4
What is the remainder when 50286 is divided by 12429?
570
What is the remainder when 503 is divided by 389?
114
Calculate the remainder when 11389 is divided by 5.
4
Calculate the remainder when 993 is divided by 403.
187
Calculate the remainder when 2627 is divided by 372.
23
What is the remainder when 45041 is divided by 143?
139
Calculate the remainder when 783748 is divided by 64.
4
Calculate the remainder when 2876 is divided by 645.
296
Calculate the remainder when 427609 is divided by 305.
304
Calculate the remainder when 341091 is divided by 201.
195
What is the remainder when 126990 is divided by 329?
325
What is the remainder when 5238 is divided by 468?
90
What is the remainder when 2110191 is divided by 14?
13
What is the remainder when 8518 is divided by 8502?
16
What is the remainder when 3203 is divided by 204?
143
Calculate the remainder when 23346 is divided by 649.
631
What is the remainder when 1714 is divided by 66?
64
What is the remainder when 6933 is divided by 187?
14
Calculate the remainder when 1160102 is divided by 580047.
8
Calculate the remainder when 1054942 is divided by 27.
25
What is the remainder when 119366 is divided by 69?
65
Calculate the remainder when 60850 is divided by 66.
64
Calculate the remainder when 29963 is divided by 576.
11
Calculate the remainder when 6996 is divided by 123.
108
What is the remainder when 1360 is divided by 610?
140
What is the remainder when 7794 is divided by 1294?
30
Calculate the remainder when 20918 is divided by 9.
2
What is the remainder when 43491 is divided by 580?
571
What is the remainder when 35462 is divided by 173?
170
What is the remainder when 3977 is divided by 481?
129
What is the remainder when 9804 is divided by 292?
168
What is the remainder when 7393 is divided by 371?
344
What is the remainder when 1933 is divided by 310?
73
Calculate the remainder when 42004 is divided by 13970.
94
Calculate the remainder when 21045 is divided by 56.
45
What is the remainder when 17427 is divided by 2177?
11
What is the remainder when 84061 is divided by 71?
68
Calculate the remainder when 102043 is divided by 68.
43
What is the remainder when 130119 is divided by 75?
69
Calculate the remainder when 46641 is divided by 53.
1
Calculate the remainder when 64474 is divided by 1194.
1192
Calculate the remainder when 1854 is divided by 109.
1
Calculate the remainder when 626 is divided by 33.
32
Calculate the remainder when 3589 is divided by 67.
38
What is the remainder when 6588322 is divided by 212?
210
Calculate the remainder when 10012 is divided by 4670.
672
Calculate the remainder when 16920 is divided by 1409.
12
Calculate the remainder when 32414 is divided by 407.
261
Calculate the remainder when 22221 is divided by 41.
40
What is the remainder when 1389 is divided by 216?
93
What is the remainder when 6372 is divided by 213?
195
What is the remainder when 648034 is divided by 18?
16
Calculate the remainder when 20759 is divided by 4150.
9
What is the remainder when 1134 is divided by 111?
24
What is the remainder when 10020 is divided by 206?
132
Calculate the remainder when 30006 is divided by 2997.
36
Calculate the remainder when 44847 is divided by 65.
62
What is the remainder when 3759 is divided by 58?
47
Calculate the remainder when 64540 is divided by 777.
49
What is the remainder when 502678 is divided by 4?
2
What is the remainder when 255912 is divided by 442?
436
What is the remainder when 1646 is divided by 9?
8
Calculate the remainder when 3021616 is divided by 213.
211
What is the remainder when 1787093 is divided by 67?
2
Calculate the remainder when 2892 is divided by 1443.
6
What is the remainder when 56932 is divided by 377?
5
What is the remainder when 1267113 is divided by 12?
9
What is the remainder when 9969 is divided by 299?
102
What is the remainder when 40943 is divided by 79?
21
What is the remainder when 18319 is divided by 2272?
143
What is the remainder when 41426 is divided by 41407?
19
Calculate the remainder when 15593 is divided by 5162.
107
What is the remainder when 27944 is divided by 61?
6
What is the remainder when 11851 is divided by 285?
166
What is the remainder when 186982 is divided by 186978?
4
What is the remainder when 5478 is divided by 118?
50
What is the remainder when 35464 is divided by 55?
44
Calculate the remainder when 31346 is divided by 15.
11
What is the remainder when 16418 is divided by 69?
65
What is the remainder when 44916 is divided by 7?
4
Calculate the remainder when 512485 is divided by 13.
12
What is the remainder when 75303 is divided by 593?
585
Calculate the remainder when 5476 is divided by 5466.
10
Calculate the remainder when 355 is divided by 12.
7
What is the remainder when 279924 is divided by 11663?
12
What is the remainder when 63985 is divided by 719?
713
What is the remainder when 10208 is divided by 2548?
16
What is the remainder when 32609 is divided by 2702?
185
What is the remainder when 35640 is divided by 7120?
40
Calculate the remainder when 24499 is divided by 389.
381
What is the remainder when 47433 is divided by 443?
32
Calculate the remainder when 221072 is divided by 61.
8
What is the remainder when 20090 is divided by 1343?
1288
Calculate the remainder when 24784 is divided by 4956.
4
Calculate the remainder when 16143 is divided by 949.
10
What is the remainder when 45951 is divided by 27?
24
What is the remainder when 53600 is divided by 8932?
8
What is the remainder when 112041 is divided by 1088?
1065
What is the remainder when 1184729 is divided by 30?
29
What is the remainder when 92128 is divided by 139?
110
What is the remainder when 4418 is divided by 2178?
62
What is the remainder when 78831 is divided by 657?
648
Calculate the remainder when 1697 is divided by 331.
42
What is the remainder when 36356 is divided by 29?
19
Calculate the remainder when 13969 is divided by 51.
46
Calculate the remainder when 5582 is divided by 2761.
60
What is the remainder when 60149 is divided by 222?
209
What is the remainder when 7724 is divided by 69?
65
Calculate the remainder when 33277 is divided by 130.
127
Calculate the remainder when 103566 is divided by 57.
54
Calculate the remainder when 6039 is divided by 4.
3
What is the remainder when 1081425 is divided by 1256?
9
Calculate the remainder when 7037 is divided by 712.
629
What is the remainder when 240572 is divided by 14?
10
Calculate the remainder when 8684 is divided by 426.
164
What is the remainder when 877094 is divided by 8?
6
Calculate the remainder when 11037 is divided by 3658.
63
Calculate the remainder when 1595 is divided by 98.
27
What is the remainder when 896 is divided by 151?
141
Calculate the remainder when 2667 is divided by 447.
432
What is the remainder when 325597 is divided by 201?
178
Calculate the remainder when 15325 is divided by 5081.
82
Calculate the remainder when 145434 is divided by 160.
154
Calculate the remainder when 2446 is divided by 5.
1
Calculate the remainder when 194080 is divided by 1